 units digit of c?
1
Let g be (1*-1)/((-4)/16). Let h = -3 + g. What is the units digit of h?
1
Suppose 0 = 3*w - 5*j - 59, -4*w + j + 52 = -4. What is the tens digit of w?
1
Let s(p) = 4*p**3 - 4*p**2 + 2*p + 1. Suppose x = -0*x + 2. What is the tens digit of s(x)?
2
Suppose 0 = 4*c - w + 20, -3*c = -4*w + 2 - 0. Let u = -4 - c. Suppose u*l - 16 = -2*l. What is the units digit of l?
4
Let o(t) = t**2 - 6*t - 13. Let g(l) = 9*l**2 + 2*l - 2. Let a be g(1). What is the units digit of o(a)?
4
Let s = 7 - 6. What is the units digit of (12 - 6) + -1 + s?
6
Let n = -1909 + 1357. What is the tens digit of (2/(-3))/(16/n)?
2
Suppose 2*l = -0*l + 14. Suppose l*t - 40 = 3*t. What is the tens digit of t?
1
Let o(i) = -i**2 + 3*i. Let s be o(2). Suppose 0*w - s*w = 2. What is the units digit of (-10)/(-25)*(w + 11)?
4
Let h = 55 + -16. What is the tens digit of h?
3
Suppose -132 = 4*i - q, -i - 3 = -5*q + 11. Let o = i + 72. What is the units digit of o?
8
Suppose -4*n - j + 23 = 0, 3*n = -4*j + 18 + 9. Suppose -81 = -4*h - n. What is the tens digit of h?
1
Let i = 50 + -36. Suppose 0 = -3*o - 8 - 4, 0 = -v - 2*o - i. Let z = 3 - v. What is the units digit of z?
9
Let o = 8 + -5. Suppose o*c - 3*l - 39 = 0, -8 = -3*l - l. What is the tens digit of c?
1
Let m = -79 + 125. Suppose 4*q = -5*t + 56, -2*t - m = -6*t - 2*q. What is the tens digit of t?
1
Let b = 2 - -9. Let c = 58 - b. What is the units digit of c?
7
Let f = 87 + 0. What is the units digit of f?
7
Suppose 0 = -4*v + 2*v, -255 = -5*d + 5*v. What is the tens digit of d?
5
Let d(q) = -q**3 + 6*q**2 - 3. Let u be d(6). What is the units digit of ((-2)/u)/(2/48)?
6
Let y = -1 - -10. Suppose 0 = -3*f - 3*o + y, -f + 0*o = 3*o - 1. What is the units digit of f?
4
Let a = 1 + -1. Let j be (-14)/(a - (-3)/(-3)). Suppose -12 = -4*r, -3*b = -4*b - 2*r + j. What is the units digit of b?
8
Let u = -6 + 9. Suppose 0 = -2*j + f + 25, -j = -0*j - u*f. Suppose j = 5*k, -10 = -8*v + 4*v + 2*k. What is the units digit of v?
4
Suppose -5*p = h - 1, h + 4 = 5*h + 5*p. Let x(q) = 9*q**2 + q - 2. What is the units digit of x(h)?
8
Let g = 75 + -134. Let v be (1 - -12)*45/(-15). Let j = v - g. What is the units digit of j?
0
What is the units digit of (-10)/30 - 44/(-6)?
7
Let v(x) = -x**3 + 7*x**2 - 3*x - 12. Let i be (-12)/3 - (-2 + -8). What is the units digit of v(i)?
6
Let i(b) = -b**3 + 15*b**2 - 16*b - 2. What is the hundreds digit of i(13)?
1
Let s be 27 + (1 + -2)*-1. Suppose 4 = 2*m, 2*n + 3*m - 6 - s = 0. What is the tens digit of n?
1
Let n(h) = h**3 + 11*h**2 - 12*h + 11. What is the tens digit of n(-12)?
1
Let u(y) = y + 33. What is the tens digit of u(0)?
3
Let w(j) = j**3 - 14*j**2 + 14*j + 28. What is the hundreds digit of w(14)?
2
Suppose -w + 46 = 3*s - 19, 0 = -5*s + 2*w + 123. What is the tens digit of s?
2
Suppose 3*c - 566 = -2*q, 0*q = -c + q + 197. What is the tens digit of c?
9
Let y(w) = 2*w**2 - 5*w + 7. Let p be y(5). Suppose -3*v = -22 - p. What is the tens digit of v?
1
Let u be (-2)/(2 + 10/(-4)). Let k be ((-3)/2)/(9/(-12)). Suppose 4*z = k*m - 10, -5*z = u*m - z + 4. What is the units digit of m?
1
Let r be -2 - 3/(6/(-8)). Suppose r*c - 75 = -c. What is the units digit of c?
5
What is the hundreds digit of 2 + (6 - 4)*93?
1
Suppose f - 6 = -3*m, -2 = -2*m + 2*f + 2. Suppose 5*r + 3*i = -7 + 88, -i - 28 = -m*r. What is the tens digit of r?
1
Let h(r) = r**3 - r**2 + 2*r - 1. Let y be h(4). Suppose -4*t - t = -y. What is the units digit of t?
1
Suppose -2*a = -a - 5*k - 28, -5*k = 4*a + 13. Suppose 5*o - 45 = n + 57, a*o - 5*n - 48 = 0. What is the tens digit of o?
2
Let t be -4*2*(-1)/2. Suppose 2*v + b = t, -3*b - 2*b - 10 = 0. What is the units digit of 25/v + (-3)/9?
8
Let u = 55 - 15. What is the tens digit of u?
4
Suppose -3*w + 20 = -22. What is the tens digit of w?
1
Let y = 22 - -23. What is the units digit of y?
5
Let c = 0 + 4. Let r be ((-2)/c)/((-1)/6). Suppose r*y - 21 + 6 = 0. What is the units digit of y?
5
Let o(p) = -3*p. What is the tens digit of o(-7)?
2
Suppose -p + 35 = -0*p. Suppose 4*i + 2*a - 47 - p = 0, -5*i - a + 104 = 0. What is the tens digit of i?
2
What is the units digit of (-3531)/44*4/(-3)?
7
Suppose 0*h - 3*h - 54 = 0. Let s = -34 - h. Let j = -11 - s. What is the units digit of j?
5
Let q = -69 - -259. What is the units digit of q?
0
Let m be (2/8)/((-4)/(-16)). What is the units digit of -1 - 3/m*-3?
8
Suppose -15*m + 11*m = -12. Suppose 2*c + m*c = 65. What is the tens digit of c?
1
Let n = -18 - -57. What is the units digit of n?
9
Let i be (-1)/4 + (-6)/(-24). Suppose i = 2*j - 33 - 7. What is the units digit of j?
0
Suppose 4*o - 200 = -k, k + 250 = 5*o + 4*k. What is the tens digit of o?
5
Let b(k) be the first derivative of k**4/4 + 7*k**3/3 + 2*k**2 + 6*k + 3. What is the tens digit of b(-6)?
1
Suppose -4*c - 3*w = -21, w + 25 = 5*c - c. Let b(q) = q**3 - 6*q**2 + q. What is the units digit of b(c)?
6
Let h(n) = n**3 + 3*n**2 + n + 4. Suppose 4*t = -8, -4*p + 10 = 4*t - 5*t. Let y be -1*p*18/12. What is the units digit of h(y)?
1
Let t = -3 + 6. Let o(m) = -2*m**2 + m + 5*m**2 - m**3 - 2*m + 2*m. What is the units digit of o(t)?
3
Let w(o) be the second derivative of -3*o**5/20 + o**4/12 - o**2/2 - 7*o. What is the units digit of w(-2)?
7
Let t(p) be the second derivative of -p**4/6 + 2*p**2 + 4*p. Let q be t(4). What is the units digit of q/(-3) + 4/6?
0
Let b be 4/(-6)*(-7 + -2). What is the units digit of 5/3 - (-2)/b?
2
What is the tens digit of (-4)/18 + (-9101)/(-171)?
5
Let u(g) = 12*g**2 - g + 4. Let z be u(3). Suppose -k + 3*s - z = -6*k, -4*s - 8 = -k. What is the tens digit of k?
2
Let o = 8 - 8. Let h be (-4 - 0)*4/(-8). What is the units digit of 15 + h/(2 - o)?
6
Suppose s - 53 = -0*s - 4*a, 0 = 2*s + 5*a - 94. Let d = s + -20. What is the tens digit of d?
1
Let r be (14/8)/(1/(-4)). Let h = r + 11. What is the units digit of h?
4
Let w(y) = -y**3 - 3*y**2 + y + 3. Let q(i) = -1. Let x(v) = v**2 - 10*v - 3. Let l(h) = -4*q(h) - x(h). Let a be l(11). What is the tens digit of w(a)?
1
Let k = 30 - 16. What is the units digit of k?
4
Let g be (-3)/((-12)/8)*2. Suppose -4*c + 146 = g*n - 2*c, 0 = -4*n + 5*c + 111. What is the units digit of n?
4
Let s(c) = -c**2 + 8*c - 9. Let w be s(6). Suppose 2*u + 0 = -2*y + 2, -y + w*u - 3 = 0. Let k = 9 + y. What is the units digit of k?
9
Suppose 5*w - 2093 = -238. What is the units digit of w?
1
Let o = -11 + 17. Let f = o + -2. What is the units digit of f?
4
Let i = 559 + -396. What is the hundreds digit of i?
1
What is the units digit of 94 + 2 - (-1 + 0)?
7
Suppose 3*u - 12 = 3. Suppose -u*m + 29 = -1. What is the units digit of m?
6
Suppose 5*p - p = -24. Let n(q) = q**2 + 4*q - 7. What is the units digit of n(p)?
5
Suppose -9 = -5*d + 4*d. Let n = d + 40. What is the units digit of n?
9
Let q(g) = 11*g - 2. What is the units digit of q(6)?
4
Let d(z) = z**2 + 8*z - 2. Let l be d(-6). Let s = l + 37. What is the units digit of s?
3
Let f(m) = m**2 - 9*m + 8. Let x be f(8). Suppose 4 = d - x. What is the units digit of d?
4
Let y(l) = l**3 + 10*l**2 - 2*l - 15. What is the units digit of y(-10)?
5
Let r = -31 + 71. What is the tens digit of r?
4
Let z = 20 + -17. Suppose -7 = -z*o + 2. What is the units digit of o?
3
Let t(w) be the second derivative of w**4/4 + w**3/2 + 2*w**2 - 5*w. What is the units digit of t(-3)?
2
Let h(p) = 2*p**3 + 7*p**2 + 5*p - 8. Let c(y) = -y**3 - y. Let d(n) = 3*c(n) + h(n). What is the units digit of d(7)?
6
Suppose -20 = -0*i - 4*i. Suppose z - i + 1 = 0. Suppose z*b - 13 = -5*g, b - 1 = g - 0*b. What is the units digit of g?
1
Suppose 270 = 4*p - p. What is the tens digit of p?
9
Let t(q) be the first derivative of 5*q**2 - q - 1. Let i(c) = 2*c**3 - 2*c**2 + c. Let d be i(1). What is the units digit of t(d)?
9
Suppose 4*b + 2*f = -f - 11, -3*b + 28 = -5*f. Suppose 0 = -0*l + l - b. Suppose -2*n + n + l = 0. What is the units digit of n?
1
Let o = -6 - -2. Let y = -4 - o. What is the units digit of 0 + (y + 7 - 0)?
7
Let d = 41 - 103. What is the tens digit of 4*2/((-16)/d)?
3
What is the units digit of ((-51)/12)/((-1)/12)?
1
Suppose -j + 1 + 6 = v, 3*j + 4*v = 24. Suppose -j*z = -16 - 44. Suppose -2*y + 5*y = 3*u, -z = -2*y - 3*u. What is the unit